{"id":41,"date":"2017-03-22T18:30:37","date_gmt":"2017-03-22T17:30:37","guid":{"rendered":"http:\/\/victoria-selwyn.eu\/?page_id=41"},"modified":"2018-10-09T18:04:09","modified_gmt":"2018-10-09T16:04:09","slug":"recent-projects","status":"publish","type":"page","link":"https:\/\/victoria-selwyn.eu\/index.php\/recent-projects\/","title":{"rendered":"Projects"},"content":{"rendered":"<h5 style=\"text-align: center;\"><\/h5>\n<p>Translation of display panels, copy-editing of online description of exhibition <a href=\"http:\/\/www.muma-lehavre.fr\/en\/exhibitions\/trine-sondergaard-still\">STILL &#8211; Trine S\u00f8ndergaard<\/a> at MuMa (Andr\u00e9 Malraux Museum of Modern Art), Le Havre, 13 October 2018 to 27 January 2019<\/p>\n<p>Translation of display texts and publicity material for exhibition <a href=\"http:\/\/www.muma-lehavre.fr\/en\/exhibitions\/ocean-imaginings\">N\u00e9(e)s de l\u2019\u00e9cume et des r\u00eaves<\/a> (Ocean Imaginings) at MuMa (Andr\u00e9 Malraux Museum of Modern Art), Le Havre, 5 May to 9 September 2018<\/p>\n<h5><img loading=\"lazy\" decoding=\"async\" class=\"aligncenter size-medium wp-image-190\" src=\"http:\/\/victoria-selwyn.eu\/wp-content\/uploads\/2017\/03\/2m2_ImpressionSoleilwebsiteVS-206x300.jpg\" alt=\"Poster for &quot;Impression(s), soleil&quot; exhibition\" width=\"206\" height=\"300\" srcset=\"https:\/\/victoria-selwyn.eu\/wp-content\/uploads\/2017\/03\/2m2_ImpressionSoleilwebsiteVS-206x300.jpg 206w, https:\/\/victoria-selwyn.eu\/wp-content\/uploads\/2017\/03\/2m2_ImpressionSoleilwebsiteVS-768x1121.jpg 768w, https:\/\/victoria-selwyn.eu\/wp-content\/uploads\/2017\/03\/2m2_ImpressionSoleilwebsiteVS-702x1024.jpg 702w, https:\/\/victoria-selwyn.eu\/wp-content\/uploads\/2017\/03\/2m2_ImpressionSoleilwebsiteVS.jpg 1440w\" sizes=\"auto, (max-width: 206px) 100vw, 206px\" \/><\/h5>\n<p>Translation of display texts and publicity material for exhibition <a href=\"http:\/\/www.muma-lehavre.fr\/en\/exhibitions\/impressions-sun\" target=\"_blank\" rel=\"noopener\">Impression(s), soleil<\/a> at MuMa (Andr\u00e9 Malraux Museum of Modern Art), Le Havre, 10 September-8 October 2017<\/p>\n<p style=\"text-align: left;\"><img loading=\"lazy\" decoding=\"async\" class=\"aligncenter size-full wp-image-180\" src=\"http:\/\/victoria-selwyn.eu\/wp-content\/uploads\/2017\/03\/siteVS2m2_Pierre_Gilles-FAB-.jpg\" alt=\"\" width=\"200\" height=\"287\" \/><\/p>\n<p>Translation of selected display texts and publicity material and subtitling of 30-minute video for exhibition <a href=\"http:\/\/www.muma-lehavre.fr\/en\/exhibitions\/pierre-et-gilles-clair-obscur\">&#8220;Pierre et Gilles. Clair Obscur&#8221;<\/a> at MuMa (Andr\u00e9 Malraux Museum of Modern Art), Le Havre, 2017<\/p>\n<p><img loading=\"lazy\" decoding=\"async\" class=\"aligncenter size-medium wp-image-170\" src=\"http:\/\/victoria-selwyn.eu\/wp-content\/uploads\/2017\/03\/Photo_couverture-300x252.jpg\" alt=\"Book cover of EMOTIONS\" width=\"300\" height=\"252\" srcset=\"https:\/\/victoria-selwyn.eu\/wp-content\/uploads\/2017\/03\/Photo_couverture-300x252.jpg 300w, https:\/\/victoria-selwyn.eu\/wp-content\/uploads\/2017\/03\/Photo_couverture-768x645.jpg 768w, https:\/\/victoria-selwyn.eu\/wp-content\/uploads\/2017\/03\/Photo_couverture-1024x859.jpg 1024w, https:\/\/victoria-selwyn.eu\/wp-content\/uploads\/2017\/03\/Photo_couverture.jpg 1145w\" sizes=\"auto, (max-width: 300px) 100vw, 300px\" \/><\/p>\n<p>Translation of French content of <a href=\"http:\/\/www.affective-sciences.org\/en\/actualites\/new-book-emotions\/\"><em>Emotions<\/em><\/a>, David Sander and Nathalie Herschdorfer (eds.), Benteli, 2017<\/p>\n<p style=\"text-align: left;\"><img loading=\"lazy\" decoding=\"async\" class=\"wp-image-173 size-medium alignleft\" src=\"http:\/\/victoria-selwyn.eu\/wp-content\/uploads\/2017\/06\/siteVSTiergarten-DP-WEB-6MB_Page_01-212x300.jpg\" alt=\"\" width=\"212\" height=\"300\" srcset=\"https:\/\/victoria-selwyn.eu\/wp-content\/uploads\/2017\/06\/siteVSTiergarten-DP-WEB-6MB_Page_01-212x300.jpg 212w, https:\/\/victoria-selwyn.eu\/wp-content\/uploads\/2017\/06\/siteVSTiergarten-DP-WEB-6MB_Page_01.jpg 263w\" sizes=\"auto, (max-width: 212px) 100vw, 212px\" \/><\/p>\n<p><img loading=\"lazy\" decoding=\"async\" class=\"wp-image-174 size-medium alignleft\" src=\"http:\/\/victoria-selwyn.eu\/wp-content\/uploads\/2017\/06\/siteVSTiergarten-DP-WEB_Page_02et03-300x213.jpg\" alt=\"\" width=\"300\" height=\"213\" srcset=\"https:\/\/victoria-selwyn.eu\/wp-content\/uploads\/2017\/06\/siteVSTiergarten-DP-WEB_Page_02et03-300x213.jpg 300w, https:\/\/victoria-selwyn.eu\/wp-content\/uploads\/2017\/06\/siteVSTiergarten-DP-WEB_Page_02et03.jpg 480w\" sizes=\"auto, (max-width: 300px) 100vw, 300px\" \/><\/p>\n<p>&nbsp;<\/p>\n<p>&nbsp;<\/p>\n<p>&nbsp;<\/p>\n<p>&nbsp;<\/p>\n<p>&nbsp;<\/p>\n<p>&nbsp;<\/p>\n<p>Translation of presskit, product inserts and web content for TIERGARTEN digital sculpture gallery, 2016-2017<\/p>\n<p>Subtitling of video projected onto 3D scale model in exhibition &#8220;1517. Le Havre, un r\u00eave de la Renaissance&#8221;, Archives municipales de la Ville du Havre, 2017<\/p>\n<p>Voice-over translation and subtitling of documentary <em>Antoine de Saint-Exup\u00e9ry, le dernier romantique, <\/em>2016<\/p>\n<p>Translation of\u00a0display texts and publicity material for exhibitions <a title=\"Exhibition Eug\u00e8ne Boudin, l'atelier de la lumi\u00e8re\" href=\"http:\/\/www.muma-lehavre.fr\/en\/exhibitions\/eugene-boudin-latelier-de-la-lumiere\">\u201cEug\u00e8ne Boudin, l\u2019atelier de la lumi\u00e8re\u201d<\/a> (2016), <a title=\"Lyonel Feininger, l'arpenteur du monde\" href=\"http:\/\/www.muma-lehavre.fr\/en\/calendar\/lyonel-feininger-larpenteur-du-monde\" target=\"_blank\" rel=\"noopener noreferrer\">\u201cLyonel Feininger, l\u2019arpenteur du monde\u201d<\/a> (2015), &#8220;Nicolas de Sta\u00ebl. Lumi\u00e8res du Nord. Lumi\u00e8res du Sud.&#8221; (2014), &#8220;Pissarro dans les ports&#8221; (2013) at MuMa (Andr\u00e9 Malraux Museum of Modern Art), Le Havre<\/p>\n<p>Translation of catalogue preface and brief biography for\u00a0exhibition\u00a0 <a href=\"http:\/\/www.louiscarre.fr\/expositions\">\u201cKcho, Todos los caminos\u201d<\/a> at Galerie Louis Carr\u00e9 (Paris), 2016<\/p>\n<p>Translation of pre-production texts, subtitling, etc. for documentary feature film\u00a0<a title=\"Free to Run\" href=\"http:\/\/www.yuzu-productions.com\/EN\/freetorun_en\/index_en.html\" target=\"_blank\" rel=\"noopener noreferrer\">FREE TO RUN<\/a>, released 2016<\/p>\n<p>Translation of French catalogue texts for exhibition &#8220;RODIN&#8221; at Nationalmuseum in Stockholm, 2015<\/p>\n<p>Voice-over translation of documentary <em>LUNE<\/em> and accompanying 2-part series, 2015<\/p>\n<p>Translation of <a title=\"Essai sur Marcel Broodthaers\" href=\"http:\/\/www.guillaumedesanges.com\/spip.php?article106\" target=\"_blank\" rel=\"noopener noreferrer\">essay on Marcel Broodthaers<\/a> by Guillaume D\u00e9sanges and rewrite of translated interview with curators for exhibition catalogue of &#8220;TRACK, a contemporary city conversation&#8221;, both commissioned by S.M.A.K. (Municipal Museum of Contemporary Art) Ghent, 2012<\/p>\n<p>Translation of pre-production documents and voice-over, annotation of script (to ensure compliance with National Geographic guidelines) for documentary <em>Tracking the Blue Diamond<\/em>, Gedeon Programmes, 2010.<\/p>\n","protected":false},"excerpt":{"rendered":"<p>Translation of display panels, copy-editing of online description of exhibition STILL &#8211; Trine S\u00f8ndergaard at MuMa (Andr\u00e9 Malraux Museum of Modern Art), Le Havre, 13 October 2018 to 27 January 2019 Translation of display texts <a class=\"more-link\" href=\"https:\/\/victoria-selwyn.eu\/index.php\/recent-projects\/\">Read More &#8230;<\/a><\/p>\n","protected":false},"author":1,"featured_media":0,"parent":0,"menu_order":2,"comment_status":"closed","ping_status":"closed","template":"","meta":{"footnotes":""},"class_list":["post-41","page","type-page","status-publish","hentry"],"_links":{"self":[{"href":"https:\/\/victoria-selwyn.eu\/index.php\/wp-json\/wp\/v2\/pages\/41","targetHints":{"allow":["GET"]}}],"collection":[{"href":"https:\/\/victoria-selwyn.eu\/index.php\/wp-json\/wp\/v2\/pages"}],"about":[{"href":"https:\/\/victoria-selwyn.eu\/index.php\/wp-json\/wp\/v2\/types\/page"}],"author":[{"embeddable":true,"href":"https:\/\/victoria-selwyn.eu\/index.php\/wp-json\/wp\/v2\/users\/1"}],"replies":[{"embeddable":true,"href":"https:\/\/victoria-selwyn.eu\/index.php\/wp-json\/wp\/v2\/comments?post=41"}],"version-history":[{"count":20,"href":"https:\/\/victoria-selwyn.eu\/index.php\/wp-json\/wp\/v2\/pages\/41\/revisions"}],"predecessor-version":[{"id":267,"href":"https:\/\/victoria-selwyn.eu\/index.php\/wp-json\/wp\/v2\/pages\/41\/revisions\/267"}],"wp:attachment":[{"href":"https:\/\/victoria-selwyn.eu\/index.php\/wp-json\/wp\/v2\/media?parent=41"}],"curies":[{"name":"wp","href":"https:\/\/api.w.org\/{rel}","templated":true}]}}

<h5 style="text-align: center;"></h5>
<p>Translation of display panels, copy-editing of online description of exhibition <a href="http://www.muma-lehavre.fr/en/exhibitions/trine-sondergaard-still">STILL &#8211; Trine Søndergaard</a> at MuMa (André Malraux Museum of Modern Art), Le Havre, 13 October 2018 to 27 January 2019</p>
<p>Translation of display texts and publicity material for exhibition <a href="http://www.muma-lehavre.fr/en/exhibitions/ocean-imaginings">Né(e)s de l’écume et des rêves</a> (Ocean Imaginings) at MuMa (André Malraux Museum of Modern Art), Le Havre, 5 May to 9 September 2018</p>
<h5><img loading="lazy" decoding="async" class="aligncenter size-medium wp-image-190" src="http://victoria-selwyn.eu/wp-content/uploads/2017/03/2m2_ImpressionSoleilwebsiteVS-206x300.jpg" alt="Poster for &quot;Impression(s), soleil&quot; exhibition" width="206" height="300" srcset="https://victoria-selwyn.eu/wp-content/uploads/2017/03/2m2_ImpressionSoleilwebsiteVS-206x300.jpg 206w, https://victoria-selwyn.eu/wp-content/uploads/2017/03/2m2_ImpressionSoleilwebsiteVS-768x1121.jpg 768w, https://victoria-selwyn.eu/wp-content/uploads/2017/03/2m2_ImpressionSoleilwebsiteVS-702x1024.jpg 702w, https://victoria-selwyn.eu/wp-content/uploads/2017/03/2m2_ImpressionSoleilwebsiteVS.jpg 1440w" sizes="auto, (max-width: 206px) 100vw, 206px" /></h5>
<p>Translation of display texts and publicity material for exhibition <a href="http://www.muma-lehavre.fr/en/exhibitions/impressions-sun" target="_blank" rel="noopener">Impression(s), soleil</a> at MuMa (André Malraux Museum of Modern Art), Le Havre, 10 September-8 October 2017</p>
<p style="text-align: left;"><img loading="lazy" decoding="async" class="aligncenter size-full wp-image-180" src="http://victoria-selwyn.eu/wp-content/uploads/2017/03/siteVS2m2_Pierre_Gilles-FAB-.jpg" alt="" width="200" height="287" /></p>
<p>Translation of selected display texts and publicity material and subtitling of 30-minute video for exhibition <a href="http://www.muma-lehavre.fr/en/exhibitions/pierre-et-gilles-clair-obscur">&#8220;Pierre et Gilles. Clair Obscur&#8221;</a> at MuMa (André Malraux Museum of Modern Art), Le Havre, 2017</p>
<p><img loading="lazy" decoding="async" class="aligncenter size-medium wp-image-170" src="http://victoria-selwyn.eu/wp-content/uploads/2017/03/Photo_couverture-300x252.jpg" alt="Book cover of EMOTIONS" width="300" height="252" srcset="https://victoria-selwyn.eu/wp-content/uploads/2017/03/Photo_couverture-300x252.jpg 300w, https://victoria-selwyn.eu/wp-content/uploads/2017/03/Photo_couverture-768x645.jpg 768w, https://victoria-selwyn.eu/wp-content/uploads/2017/03/Photo_couverture-1024x859.jpg 1024w, https://victoria-selwyn.eu/wp-content/uploads/2017/03/Photo_couverture.jpg 1145w" sizes="auto, (max-width: 300px) 100vw, 300px" /></p>
<p>Translation of French content of <a href="http://www.affective-sciences.org/en/actualites/new-book-emotions/"><em>Emotions</em></a>, David Sander and Nathalie Herschdorfer (eds.), Benteli, 2017</p>
<p style="text-align: left;"><img loading="lazy" decoding="async" class="wp-image-173 size-medium alignleft" src="http://victoria-selwyn.eu/wp-content/uploads/2017/06/siteVSTiergarten-DP-WEB-6MB_Page_01-212x300.jpg" alt="" width="212" height="300" srcset="https://victoria-selwyn.eu/wp-content/uploads/2017/06/siteVSTiergarten-DP-WEB-6MB_Page_01-212x300.jpg 212w, https://victoria-selwyn.eu/wp-content/uploads/2017/06/siteVSTiergarten-DP-WEB-6MB_Page_01.jpg 263w" sizes="auto, (max-width: 212px) 100vw, 212px" /></p>
<p><img loading="lazy" decoding="async" class="wp-image-174 size-medium alignleft" src="http://victoria-selwyn.eu/wp-content/uploads/2017/06/siteVSTiergarten-DP-WEB_Page_02et03-300x213.jpg" alt="" width="300" height="213" srcset="https://victoria-selwyn.eu/wp-content/uploads/2017/06/siteVSTiergarten-DP-WEB_Page_02et03-300x213.jpg 300w, https://victoria-selwyn.eu/wp-content/uploads/2017/06/siteVSTiergarten-DP-WEB_Page_02et03.jpg 480w" sizes="auto, (max-width: 300px) 100vw, 300px" /></p>
<p>&nbsp;</p>
<p>&nbsp;</p>
<p>&nbsp;</p>
<p>&nbsp;</p>
<p>&nbsp;</p>
<p>&nbsp;</p>
<p>Translation of presskit, product inserts and web content for TIERGARTEN digital sculpture gallery, 2016-2017</p>
<p>Subtitling of video projected onto 3D scale model in exhibition &#8220;1517. Le Havre, un rêve de la Renaissance&#8221;, Archives municipales de la Ville du Havre, 2017</p>
<p>Voice-over translation and subtitling of documentary <em>Antoine de Saint-Exupéry, le dernier romantique, </em>2016</p>
<p>Translation of display texts and publicity material for exhibitions <a title="Exhibition Eugène Boudin, l'atelier de la lumière" href="http://www.muma-lehavre.fr/en/exhibitions/eugene-boudin-latelier-de-la-lumiere">“Eugène Boudin, l’atelier de la lumière”</a> (2016), <a title="Lyonel Feininger, l'arpenteur du monde" href="http://www.muma-lehavre.fr/en/calendar/lyonel-feininger-larpenteur-du-monde" target="_blank" rel="noopener noreferrer">“Lyonel Feininger, l’arpenteur du monde”</a> (2015), &#8220;Nicolas de Staël. Lumières du Nord. Lumières du Sud.&#8221; (2014), &#8220;Pissarro dans les ports&#8221; (2013) at MuMa (André Malraux Museum of Modern Art), Le Havre</p>
<p>Translation of catalogue preface and brief biography for exhibition  <a href="http://www.louiscarre.fr/expositions">“Kcho, Todos los caminos”</a> at Galerie Louis Carré (Paris), 2016</p>
<p>Translation of pre-production texts, subtitling, etc. for documentary feature film <a title="Free to Run" href="http://www.yuzu-productions.com/EN/freetorun_en/index_en.html" target="_blank" rel="noopener noreferrer">FREE TO RUN</a>, released 2016</p>
<p>Translation of French catalogue texts for exhibition &#8220;RODIN&#8221; at Nationalmuseum in Stockholm, 2015</p>
<p>Voice-over translation of documentary <em>LUNE</em> and accompanying 2-part series, 2015</p>
<p>Translation of <a title="Essai sur Marcel Broodthaers" href="http://www.guillaumedesanges.com/spip.php?article106" target="_blank" rel="noopener noreferrer">essay on Marcel Broodthaers</a> by Guillaume Désanges and rewrite of translated interview with curators for exhibition catalogue of &#8220;TRACK, a contemporary city conversation&#8221;, both commissioned by S.M.A.K. (Municipal Museum of Contemporary Art) Ghent, 2012</p>
<p>Translation of pre-production documents and voice-over, annotation of script (to ensure compliance with National Geographic guidelines) for documentary <em>Tracking the Blue Diamond</em>, Gedeon Programmes, 2010.</p>

<p>Translation of display panels, copy-editing of online description of exhibition STILL &#8211; Trine Søndergaard at MuMa (André Malraux Museum of Modern Art), Le Havre, 13 October 2018 to 27 January 2019 Translation of display texts <a class="more-link" href="https://victoria-selwyn.eu/index.php/recent-projects/">Read More &#8230;</a></p>
