{"id":220,"date":"2017-12-26T14:37:58","date_gmt":"2017-12-26T13:37:58","guid":{"rendered":"http:\/\/victoria-selwyn.eu\/?page_id=220"},"modified":"2022-12-30T17:25:35","modified_gmt":"2022-12-30T16:25:35","slug":"commentaires","status":"publish","type":"page","link":"https:\/\/victoria-selwyn.eu\/index.php\/fr\/commentaires\/","title":{"rendered":"Commentaires"},"content":{"rendered":"<p>\u00ab J\u2019ai retrouv\u00e9 dans le texte toutes les nuances et intentions que nous y avions mis en fran\u00e7ais, c\u2019est pr\u00e9cieux. \u00bb Coraline Roch, Productrice artistique, IMAGISSIME<\/p>\n<p>\u00ab Merci pour tes traductions toujours parfaites et pointues. \u00bb Nona Robinson, auteure<\/p>\n<p>\u00ab Merci beaucoup pour cette traduction de voix off qui est tout \u00e0 fait fid\u00e8le, c&#8217;est agr\u00e9able et c&#8217;est rare ! \u00bb Fran\u00e7ois de Riberolles, auteur-r\u00e9alisateur<\/p>\n<p align=\"left\">\u00ab Notre collaboration a \u00e9t\u00e9 tr\u00e8s enrichissante, votre acuit\u00e9 et votre professionnalisme ont \u00e9t\u00e9 pr\u00e9cieux, merci. \u00bb <a href=\"https:\/\/www.melaniejouen.com\/\">M\u00e9lanie Jouen<\/a>, r\u00e9dactrice<\/p>\n<p align=\"left\">\u00ab C&#8217;est un travail d&#8217;orf\u00e8vre ! \u00bb Florence Girard, conservatrice, historienne de l&#8217;art et responsable p\u00e9dagogique (audiovisuel et multim\u00e9dia)<\/p>\n","protected":false},"excerpt":{"rendered":"<p>\u00ab J\u2019ai retrouv\u00e9 dans le texte toutes les nuances et intentions que nous y avions mis en fran\u00e7ais, c\u2019est pr\u00e9cieux. \u00bb Coraline Roch, Productrice artistique, IMAGISSIME \u00ab Merci pour tes traductions toujours parfaites et pointues. <a class=\"more-link\" href=\"https:\/\/victoria-selwyn.eu\/index.php\/fr\/commentaires\/\">Read More &#8230;<\/a><\/p>\n","protected":false},"author":1,"featured_media":0,"parent":0,"menu_order":4,"comment_status":"closed","ping_status":"closed","template":"","meta":{"footnotes":""},"class_list":["post-220","page","type-page","status-publish","hentry"],"_links":{"self":[{"href":"https:\/\/victoria-selwyn.eu\/index.php\/wp-json\/wp\/v2\/pages\/220","targetHints":{"allow":["GET"]}}],"collection":[{"href":"https:\/\/victoria-selwyn.eu\/index.php\/wp-json\/wp\/v2\/pages"}],"about":[{"href":"https:\/\/victoria-selwyn.eu\/index.php\/wp-json\/wp\/v2\/types\/page"}],"author":[{"embeddable":true,"href":"https:\/\/victoria-selwyn.eu\/index.php\/wp-json\/wp\/v2\/users\/1"}],"replies":[{"embeddable":true,"href":"https:\/\/victoria-selwyn.eu\/index.php\/wp-json\/wp\/v2\/comments?post=220"}],"version-history":[{"count":4,"href":"https:\/\/victoria-selwyn.eu\/index.php\/wp-json\/wp\/v2\/pages\/220\/revisions"}],"predecessor-version":[{"id":342,"href":"https:\/\/victoria-selwyn.eu\/index.php\/wp-json\/wp\/v2\/pages\/220\/revisions\/342"}],"wp:attachment":[{"href":"https:\/\/victoria-selwyn.eu\/index.php\/wp-json\/wp\/v2\/media?parent=220"}],"curies":[{"name":"wp","href":"https:\/\/api.w.org\/{rel}","templated":true}]}}